 the highest common factor of 461340138 and 21798.
7266
Calculate the greatest common factor of 46644104 and 104.
104
Calculate the highest common divisor of 273 and 38017070.
91
Calculate the highest common factor of 279 and 4093953.
93
Calculate the highest common divisor of 174 and 6614030.
58
What is the highest common factor of 1568590 and 3400?
170
Calculate the highest common factor of 71270784 and 5616.
1872
What is the greatest common divisor of 118580 and 99869?
77
What is the greatest common factor of 62033 and 685151?
697
Calculate the greatest common divisor of 4405807 and 7.
7
What is the greatest common divisor of 2623113 and 10134?
9
Calculate the highest common factor of 205 and 89913205.
205
What is the highest common factor of 1395 and 7503795?
45
What is the greatest common divisor of 969 and 83660553?
969
What is the highest common factor of 9 and 27720963?
9
Calculate the highest common divisor of 2191 and 431506182.
313
Calculate the greatest common factor of 35391 and 51042.
141
What is the highest common factor of 1819550 and 5134?
302
What is the highest common divisor of 5010 and 3576472?
334
Calculate the highest common factor of 2088 and 23419764.
36
Calculate the highest common divisor of 9845878 and 14.
14
Calculate the highest common factor of 4248 and 14710392.
72
Calculate the highest common divisor of 381636 and 162.
18
What is the greatest common factor of 2809 and 3662459?
53
What is the greatest common divisor of 54351 and 1955172?
183
What is the greatest common factor of 1256222 and 7986?
242
Calculate the highest common factor of 13049993 and 1012.
253
Calculate the highest common factor of 81396 and 1834.
14
What is the highest common factor of 2681 and 362397?
7
What is the highest common divisor of 616120254 and 2494?
2494
What is the highest common factor of 12080 and 11908615?
755
Calculate the highest common factor of 342459 and 354167.
2927
What is the greatest common divisor of 99235 and 1957940?
1115
Calculate the highest common divisor of 380928 and 2163552.
2976
Calculate the greatest common divisor of 1804 and 639452.
44
What is the highest common factor of 567473880 and 200?
40
What is the highest common factor of 96 and 15965088?
96
Calculate the highest common factor of 3646 and 87894122.
3646
Calculate the greatest common divisor of 6118484 and 176.
4
What is the greatest common divisor of 14125569 and 76893?
1083
Calculate the greatest common factor of 19251 and 736436.
31
What is the highest common factor of 1776 and 136123?
37
What is the highest common divisor of 40802522 and 766?
766
What is the greatest common factor of 88403 and 1824781?
511
Calculate the greatest common divisor of 7 and 6620957.
7
What is the highest common factor of 282283 and 45287?
179
What is the greatest common divisor of 399 and 13117809?
57
What is the highest common factor of 1680416 and 44064?
544
What is the highest common factor of 3238859648 and 128?
128
What is the greatest common factor of 214 and 191418?
2
Calculate the highest common divisor of 1620 and 3844.
4
What is the greatest common factor of 6052067 and 511?
7
Calculate the highest common divisor of 4928 and 269307808.
2464
What is the highest common factor of 61253355 and 10?
5
What is the greatest common factor of 1241238 and 3635994?
4386
Calculate the highest common divisor of 1395 and 32004400.
155
What is the greatest common factor of 6750 and 3443400?
450
Calculate the highest common divisor of 2515 and 17236301.
503
Calculate the highest common factor of 1903 and 196691.
11
What is the greatest common divisor of 11391908 and 528?
44
Calculate the greatest common divisor of 234 and 2835072.
18
Calculate the greatest common factor of 404721 and 121626.
2097
Calculate the greatest common divisor of 324367550 and 650.
650
What is the highest common divisor of 222275688 and 96?
24
Calculate the greatest common factor of 17469270 and 12150.
2430
What is the greatest common divisor of 116687390 and 27610?
2510
Calculate the highest common divisor of 4046535 and 45.
45
Calculate the greatest common divisor of 289037358 and 27.
9
Calculate the highest common factor of 43379674 and 39.
13
Calculate the highest common divisor of 68438 and 25959614.
3602
Calculate the greatest common factor of 34565322 and 66.
66
What is the greatest common factor of 5537 and 2346332?
113
Calculate the highest common factor of 7913688742 and 62.
62
Calculate the greatest common factor of 588 and 995708.
28
Calculate the greatest common divisor of 2298 and 40002052.
766
Calculate the greatest common divisor of 2052 and 185068683.
171
Calculate the highest common divisor of 414 and 12568902.
138
What is the highest common divisor of 12672712 and 208?
104
Calculate the greatest common divisor of 77 and 21927884.
11
What is the greatest common divisor of 110832615 and 3285?
3285
What is the highest common factor of 373054 and 370866?
1094
What is the greatest common divisor of 192 and 12021816?
24
What is the highest common factor of 1382062539 and 429?
429
What is the highest common divisor of 465 and 1497486?
93
What is the highest common factor of 179820180 and 144?
36
Calculate the greatest common factor of 423 and 37153359.
423
Calculate the greatest common factor of 138 and 5368614.
138
Calculate the greatest common divisor of 232989 and 250083.
111
Calculate the highest common factor of 121483388 and 3796.
3796
Calculate the highest common factor of 1269664 and 30176.
32
What is the greatest common factor of 412 and 103145127?
103
What is the highest common factor of 2 and 22372676?
2
Calculate the highest common divisor of 3818100 and 1246.
178
What is the highest common divisor of 98 and 1512905674?
98
Calculate the greatest common divisor of 89477925 and 8850.
4425
Calculate the greatest common factor of 29960 and 107.
107
Calculate the highest common divisor of 8371632 and 27600.
1104
Calculate the highest common factor of 71568 and 79436504.
3976
Calculate the greatest common factor of 1012 and 4508207.
253
Calculate the highest common divisor of 287475 and 6375.
75
What is the highest common divisor of 29403 and 89829?
81
Calculate the highest common factor of 18795579 and 496.
31
What is the greatest common factor of 67347 and 73872176?
7483
Calculate the highest common factor of 19 and 48189434.
19
Calculate the highest common divisor of 42 and 290191566.
42
Calculate the highest common divisor of 809 and 8767133.
809
Calculate the greatest common divisor of 12140304 and 1650.
66
Calculate the highest common divisor of 4716 and 5063472.
36
Calculate the greatest common divisor of 10001985 and 210.
105
What is the greatest common divisor of 973 and 176687?
7
What is the greatest common divisor of 4276 and 16760851?
1069
What is the highest common factor of 28 and 48879663?
7
Calculate the highest common factor of 260694 and 4554.
18
What is the greatest common divisor of 395580 and 919695?
285
What is the highest common factor of 752752 and 72098?
1222
What is the greatest common factor of 31784 and 154536?
1096
Calculate the highest common factor of 788780676 and 184.
92
What is the greatest common factor of 9223605 and 675?
135
What is the greatest common factor of 20636 and 115676?
44
What is the greatest common divisor of 19082 and 48566?
14
What is the highest common factor of 25959 and 17335013?
509
Calculate the greatest common factor of 216 and 20327706.
54
What is the greatest common divisor of 143613960 and 120?
120
Calculate the highest common divisor of 8220 and 24320.
20
Calculate the highest common factor of 1751918 and 40460.
4046
What is the greatest common divisor of 5853 and 4337781213?
5853
What is the greatest common factor of 70 and 895027130?
10
What is the greatest common divisor of 58770 and 7290?
90
What is the greatest common divisor of 1406079 and 2349?
81
Calculate the highest common divisor of 5658027 and 747.
249
What is the highest common factor of 223350290 and 40?
10
What is the highest common factor of 1743746 and 2440?
122
What is the greatest common factor of 13161072 and 228?
228
What is the greatest common factor of 1954509771 and 179?
179
Calculate the greatest common factor of 3986883221 and 19.
19
What is 